{"id":15957,"date":"2024-05-18T10:34:07","date_gmt":"2024-05-18T10:34:07","guid":{"rendered":"https:\/\/kubabayi.com\/?post_type=product&#038;p=15957"},"modified":"2024-05-20T10:00:36","modified_gmt":"2024-05-20T10:00:36","slug":"kuba-gl15000-e-pikap","status":"publish","type":"product","link":"https:\/\/kubabayi.com\/index.php\/urun\/kuba-gl15000-e-pikap\/","title":{"rendered":"Kuba GL15000 E-Pikap Elektrikli Ara\u00e7"},"content":{"rendered":"\t\t<div data-elementor-type=\"wp-post\" data-elementor-id=\"15957\" class=\"elementor elementor-15957\">\n\t\t\t\t<div class=\"elementor-element elementor-element-d9616f5 e-flex e-con-boxed wd-section-disabled e-con e-parent\" data-id=\"d9616f5\" data-element_type=\"container\">\n\t\t\t\t\t<div class=\"e-con-inner\">\n\t\t\t\t<div class=\"elementor-element elementor-element-fa30d9d elementor-widget elementor-widget-heading\" data-id=\"fa30d9d\" data-element_type=\"widget\" data-widget_type=\"heading.default\">\n\t\t\t\t<div class=\"elementor-widget-container\">\n\t\t\t\t\t<h1 class=\"elementor-heading-title elementor-size-default\"><center>Kuba GL15000 E-Pikap Elektrikli Ara\u00e7<\/h1>\t\t\t\t<\/div>\n\t\t\t\t<\/div>\n\t\t\t\t\t<\/div>\n\t\t\t\t<\/div>\n\t\t<div class=\"elementor-element elementor-element-591e5fb e-flex e-con-boxed wd-section-disabled e-con e-parent\" data-id=\"591e5fb\" data-element_type=\"container\">\n\t\t\t\t\t<div class=\"e-con-inner\">\n\t\t\t\t<div class=\"elementor-element elementor-element-2a4446b elementor-widget elementor-widget-wd_text_block\" data-id=\"2a4446b\" data-element_type=\"widget\" data-widget_type=\"wd_text_block.default\">\n\t\t\t\t<div class=\"elementor-widget-container\">\n\t\t\t\t\t\t\t<div class=\"wd-text-block reset-last-child text-left\">\n\t\t\t\n\t\t\t<table><thead class=\"data-table__row-thead\" data-concertina=\"true\" data-concertina-open=\"true\"><tr><th id=\"4a5b0b78-0999-4791-8c6c-6c24580e1dbb\" class=\"data-table__row-header\" tabindex=\"0\" colspan=\"2\" scope=\"colgroup\"><div class=\"data-table__row-header__inner\" tabindex=\"-1\">GL15000 \u00d6ZELL\u0130KLER<\/div><\/th><\/tr><\/thead><tbody><tr><th id=\"engine\" tabindex=\"0\" headers=\"4a5b0b78-0999-4791-8c6c-6c24580e1dbb col-feature\">Motor<\/th><td class=\"comparison-table__data-cell\" tabindex=\"0\" data-model-id=\"model-6f36150d-bc4c-44a5-9d25-fb3ea2fd675e\" data-col-id=\"colA\">1500W<\/td><th id=\"engine\" tabindex=\"0\" headers=\"4a5b0b78-0999-4791-8c6c-6c24580e1dbb col-feature\">Ak\u00fc<\/th><td class=\"comparison-table__data-cell\" tabindex=\"0\" data-model-id=\"model-6f36150d-bc4c-44a5-9d25-fb3ea2fd675e\" data-col-id=\"colA\">72V 45Ah<\/td><\/tr><tr><th id=\"engine\" tabindex=\"0\" headers=\"4a5b0b78-0999-4791-8c6c-6c24580e1dbb col-feature\">Maksimum H\u0131z<\/th><td class=\"comparison-table__data-cell\" tabindex=\"0\" data-model-id=\"model-6f36150d-bc4c-44a5-9d25-fb3ea2fd675e\" data-col-id=\"colA\">25\/35 km\/h<\/td><th id=\"engine\" tabindex=\"0\" headers=\"4a5b0b78-0999-4791-8c6c-6c24580e1dbb col-feature\">\u015earj Voltaj\u0131<\/th><td class=\"comparison-table__data-cell\" tabindex=\"0\" data-model-id=\"model-6f36150d-bc4c-44a5-9d25-fb3ea2fd675e\" data-col-id=\"colA\">110V\/220V 50-60 Hz<\/td><\/tr><tr><th id=\"engine\" tabindex=\"0\" headers=\"4a5b0b78-0999-4791-8c6c-6c24580e1dbb col-feature\">T\u0131rmanma A\u00e7\u0131s\u0131<\/th><td class=\"comparison-table__data-cell\" tabindex=\"0\" data-model-id=\"model-6f36150d-bc4c-44a5-9d25-fb3ea2fd675e\" data-col-id=\"colA\">12\u00b0<\/td><th id=\"engine\" tabindex=\"0\" headers=\"4a5b0b78-0999-4791-8c6c-6c24580e1dbb col-feature\">S\u00fcr\u00fc\u015f Mesafesi<\/th><td class=\"comparison-table__data-cell\" tabindex=\"0\" data-model-id=\"model-6f36150d-bc4c-44a5-9d25-fb3ea2fd675e\" data-col-id=\"colA\">60 - 70 km.<\/td><\/tr><tr><th id=\"engine\" tabindex=\"0\" headers=\"4a5b0b78-0999-4791-8c6c-6c24580e1dbb col-feature\">\u015earj S\u00fcresi<\/th><td class=\"comparison-table__data-cell\" tabindex=\"0\" data-model-id=\"model-6f36150d-bc4c-44a5-9d25-fb3ea2fd675e\" data-col-id=\"colA\">2 - 8 Saat<\/td><th id=\"engine\" tabindex=\"0\" headers=\"4a5b0b78-0999-4791-8c6c-6c24580e1dbb col-feature\">\u00d6n \/ Arka Fren<\/th><td class=\"comparison-table__data-cell\" tabindex=\"0\" data-model-id=\"model-6f36150d-bc4c-44a5-9d25-fb3ea2fd675e\" data-col-id=\"colA\">Disk \/ Kampana<\/td><\/tr><tr><th id=\"engine\" tabindex=\"0\" headers=\"4a5b0b78-0999-4791-8c6c-6c24580e1dbb col-feature\">\u00d6n \/ Arka Lastik<\/th><td class=\"comparison-table__data-cell\" tabindex=\"0\" data-model-id=\"model-6f36150d-bc4c-44a5-9d25-fb3ea2fd675e\" data-col-id=\"colA\">110\/90 16 - 4.00 12<\/td><th id=\"engine\" tabindex=\"0\" headers=\"4a5b0b78-0999-4791-8c6c-6c24580e1dbb col-feature\">G\u00fc\u00e7 T\u00fcketimi<\/th><td class=\"comparison-table__data-cell\" tabindex=\"0\" data-model-id=\"model-6f36150d-bc4c-44a5-9d25-fb3ea2fd675e\" data-col-id=\"colA\">~2.0 kW\/Saat<\/td><\/tr><tr><th id=\"engine\" tabindex=\"0\" headers=\"4a5b0b78-0999-4791-8c6c-6c24580e1dbb col-feature\">Uzunluk<\/th><td class=\"comparison-table__data-cell\" tabindex=\"0\" data-model-id=\"model-6f36150d-bc4c-44a5-9d25-fb3ea2fd675e\" data-col-id=\"colA\">3100 mm.<\/td><th id=\"engine\" tabindex=\"0\" headers=\"4a5b0b78-0999-4791-8c6c-6c24580e1dbb col-feature\">Geni\u015flik<\/th><td class=\"comparison-table__data-cell\" tabindex=\"0\" data-model-id=\"model-6f36150d-bc4c-44a5-9d25-fb3ea2fd675e\" data-col-id=\"colA\">1120 mm.<\/td><\/tr><tr><th id=\"engine\" tabindex=\"0\" headers=\"4a5b0b78-0999-4791-8c6c-6c24580e1dbb col-feature\">Y\u00fckseklik<\/th><td class=\"comparison-table__data-cell\" tabindex=\"0\" data-model-id=\"model-6f36150d-bc4c-44a5-9d25-fb3ea2fd675e\" data-col-id=\"colA\">1400 mm.<\/td><\/tr><tr><td>* Kuba Motor; \u00fcr\u00fcn teknik \u00f6zelliklerine ve renklerinde haber vermeksizin de\u011fi\u015fiklik yapma hakk\u0131n\u0131 sakl\u0131 tutar.<\/td><\/tr><\/tbody><\/table><p>\u00a0<\/p>\n\t\t\t\t\t<\/div>\n\t\t\t\t\t\t<\/div>\n\t\t\t\t<\/div>\n\t\t\t\t\t<\/div>\n\t\t\t\t<\/div>\n\t\t<div class=\"elementor-element elementor-element-3b6cdb0 e-flex e-con-boxed wd-section-disabled e-con e-parent\" data-id=\"3b6cdb0\" data-element_type=\"container\">\n\t\t\t\t\t<div class=\"e-con-inner\">\n\t\t\t\t<div class=\"elementor-element elementor-element-a1d3821 elementor-widget elementor-widget-wd_images_gallery\" data-id=\"a1d3821\" data-element_type=\"widget\" data-widget_type=\"wd_images_gallery.default\">\n\t\t\t\t<div class=\"elementor-widget-container\">\n\t\t\t\t\t\t\t<div class=\"wd-images-gallery wd-justify-center wd-items-middle view-grid photoswipe-images\" >\n\t\t\t<div class=\"gallery-images row wd-spacing-0\">\n\t\t\t\t\t\t\t\t\t\t\t\t\t\t<div class=\"wd-gallery-item  col-lg-4 col-md-4 col-12\">\n\t\t\t\t\t\t\t\t\t\t\t\t\t<a  href=\"https:\/\/kubabayi.com\/wp-content\/uploads\/2024\/05\/gl15000-20240222-193518-3.png\"data-width=\"800\" data-height=\"800\" data-index=\"1\" data-elementor-open-lightbox=\"no\">\n\t\t\t\t\t\t\n\t\t\t\t\t\t<img decoding=\"async\" class=\"wd-lazy-load wd-lazy-fade\" src=\"https:\/\/kubabayi.com\/wp-content\/themes\/woodmart\/images\/lazy.png\" data-wood-src=\"https:\/\/kubabayi.com\/wp-content\/uploads\/2024\/05\/gl15000-20240222-193518-3.png\"alt=\"gl15000-20240222-193518-3\">\n\t\t\t\t\t\t\t\t\t\t\t\t\t<\/a>\n\t\t\t\t\t\t\t\t\t\t\t<\/div>\n\t\t\t\t\t\t\t\t\t\t\t\t\t\t\t<div class=\"wd-gallery-item  col-lg-4 col-md-4 col-12\">\n\t\t\t\t\t\t\t\t\t\t\t\t\t<a  href=\"https:\/\/kubabayi.com\/wp-content\/uploads\/2024\/05\/gl15000-20240222-193519-4.png\"data-width=\"800\" data-height=\"800\" data-index=\"2\" data-elementor-open-lightbox=\"no\">\n\t\t\t\t\t\t\n\t\t\t\t\t\t<img decoding=\"async\" class=\"wd-lazy-load wd-lazy-fade\" src=\"https:\/\/kubabayi.com\/wp-content\/themes\/woodmart\/images\/lazy.png\" data-wood-src=\"https:\/\/kubabayi.com\/wp-content\/uploads\/2024\/05\/gl15000-20240222-193519-4.png\"alt=\"gl15000-20240222-193519-4\">\n\t\t\t\t\t\t\t\t\t\t\t\t\t<\/a>\n\t\t\t\t\t\t\t\t\t\t\t<\/div>\n\t\t\t\t\t\t\t\t<\/div>\n\t\t<\/div>\n\t\t\t\t\t\t<\/div>\n\t\t\t\t<\/div>\n\t\t\t\t\t<\/div>\n\t\t\t\t<\/div>\n\t\t\t\t<\/div>\n\t\t","protected":false},"excerpt":{"rendered":"<p>Kuba GL15000 E-Pikap Elektrikli Ara\u00e7 GL15000 \u00d6ZELL\u0130KLER Motor 1500W Ak\u00fc 72V 45Ah Maksimum H\u0131z 25\/35 km\/h \u015earj Voltaj\u0131 110V\/220V 50-60<\/p>\n","protected":false},"featured_media":15958,"comment_status":"open","ping_status":"closed","template":"","meta":[],"product_brand":[],"product_cat":[81,77],"product_tag":[140,114,102,103,106],"class_list":{"0":"post-15957","1":"product","2":"type-product","3":"status-publish","4":"has-post-thumbnail","6":"product_cat-e-technology","7":"product_cat-ticari","8":"product_tag-65-760","9":"product_tag-ekonomik-motosiklet","10":"product_tag-kuba","11":"product_tag-kuba-motor","12":"product_tag-motosiklet","14":"first","15":"instock","16":"sale","17":"shipping-taxable","18":"purchasable","19":"product-type-simple"},"_links":{"self":[{"href":"https:\/\/kubabayi.com\/index.php\/wp-json\/wp\/v2\/product\/15957","targetHints":{"allow":["GET"]}}],"collection":[{"href":"https:\/\/kubabayi.com\/index.php\/wp-json\/wp\/v2\/product"}],"about":[{"href":"https:\/\/kubabayi.com\/index.php\/wp-json\/wp\/v2\/types\/product"}],"replies":[{"embeddable":true,"href":"https:\/\/kubabayi.com\/index.php\/wp-json\/wp\/v2\/comments?post=15957"}],"version-history":[{"count":6,"href":"https:\/\/kubabayi.com\/index.php\/wp-json\/wp\/v2\/product\/15957\/revisions"}],"predecessor-version":[{"id":16006,"href":"https:\/\/kubabayi.com\/index.php\/wp-json\/wp\/v2\/product\/15957\/revisions\/16006"}],"wp:featuredmedia":[{"embeddable":true,"href":"https:\/\/kubabayi.com\/index.php\/wp-json\/wp\/v2\/media\/15958"}],"wp:attachment":[{"href":"https:\/\/kubabayi.com\/index.php\/wp-json\/wp\/v2\/media?parent=15957"}],"wp:term":[{"taxonomy":"product_brand","embeddable":true,"href":"https:\/\/kubabayi.com\/index.php\/wp-json\/wp\/v2\/product_brand?post=15957"},{"taxonomy":"product_cat","embeddable":true,"href":"https:\/\/kubabayi.com\/index.php\/wp-json\/wp\/v2\/product_cat?post=15957"},{"taxonomy":"product_tag","embeddable":true,"href":"https:\/\/kubabayi.com\/index.php\/wp-json\/wp\/v2\/product_tag?post=15957"}],"curies":[{"name":"wp","href":"https:\/\/api.w.org\/{rel}","templated":true}]}}